ose -1 + 10 = 3*k. Suppose 3*u = 2*u + 3. Suppose -2*g = -4*l - 28, u*g - k*l - l = 34. Determine s(g).
10
Let y(f) = f**2 - 7*f + 4. Suppose 3*g = 7*g + 2*h + 2, 16 = -5*g + 2*h. Let v be g + 8/((-16)/(-4)). Let s(l) = -l + 6. Let c be s(v). Give y(c).
-2
Let y(j) be the first derivative of -j**4/4 + 2*j**3 - 3*j**2 + 5*j + 30. Let i be 125/30 + (-2)/12. Calculate y(i).
13
Let c = 28 - 4. Let t = c + -27. Let l(k) = -k**3 - 4*k**2 - 3*k + 1. Give l(t).
1
Let d be 4/10 + 16/10. Let u(r) = r + 6*r + d - 1. Let h be ((-112)/(-21) - 5) + (-8)/(-12). Calculate u(h).
8
Let x be (-1)/(3 - 13/4). Let r(n) = -10 + 21 - 14 - n**2 + x*n. Determine r(2).
1
Let w = 4 + -9. Let p(o) = 0*o + 4*o + 1 - 151193*o**2 + 1 + 151194*o**2. What is p(w)?
7
Suppose k = -5*r - 26, -6*r = -k - 7*r - 6. Let w(g) = 7*g**2 + 1. Give w(k).
8
Let n(i) be the second derivative of 1/6*i**3 - 1/3*i**4 + 1/2*i**2 + 0 - 27*i + 1/20*i**5. What is n(4)?
5
Let f be (2 - (-1)/(-2))/(1/(-2)). Let m(w) = -5*w**2 + 4*w + 2. Let s(b) = 6*b**2 - 5*b - 2. Let n(q) = -5*m(q) - 4*s(q). Calculate n(f).
7
Let i(f) be the first derivative of -f**3/3 + 5*f**2/2 - 3*f + 118. What is i(9)?
-39
Let k(p) be the first derivative of -p**2/2 - 6*p - 373. Calculate k(-5).
-1
Let p be 2/(4/7)*(-40)/(-70). Let f(d) = 547*d**p + 7*d - d - 546*d**2. Let s = -5 - 0. What is f(s)?
-5
Let y(a) = -24*a**3 - 27*a**3 - 3*a**2 + 1 + 73*a**3 - 4*a - 21*a**3 - 3. Determine y(4).
-2
Suppose -4*t = -5*t + 17. Let r(q) = q - q**2 - 19 + t + 4*q. Let l be -2*((-1)/(-1) - 3). Give r(l).
2
Let l(d) = -3*d + 7 - 3 + 0 + 16 - 4*d. Determine l(6).
-22
Let c(b) = -20*b**3 + b**2 - 2*b + 1. Let a(d) = -44*d + 177. Let v be a(4). What is c(v)?
-20
Suppose 0 = -185*h + 188*h - 27. Let l(q) = q**2 - 8*q - 5. Determine l(h).
4
Let y(l) = -21*l**2 + l + 19*l**2 + 0 + 1. Calculate y(4).
-27
Suppose m + 4 = 2*z, -5*z + 15 = -5*m - 10. Let t(u) = -u**2 + 2*u**2 - 3*u - 2*u**2. Give t(m).
-18
Let p(r) = 54*r + 31 + 2*r**2 - 30 - r**3 - 56*r. Let n = 11 + -7. Let c be 6/n + (-4)/8. What is p(c)?
0
Let o(t) = t**2 + 8*t - 4. Suppose 3*b = -a + 6*b - 9, 5*a - 5*b = -45. Determine o(a).
5
Let m(r) be the first derivative of r**2/2 - 7*r + 23. Suppose x - 16 = -0*x. Let f = x - 9. Determine m(f).
0
Let f(o) be the second derivative of o**4/12 - o**3/2 + o**2/2 - 7*o. Suppose -5 - 7 = -4*x. What is f(x)?
1
Let m(h) = 2*h**3 - h**2 - 4 - 3*h**3 - h**2 + 3*h. Suppose 2*w = 7*w + 2*l + 12, -5*w - l - 11 = 0. Let t be 3*4/8*w. What is m(t)?
-4
Suppose 2*c = -0 + 8. Suppose -4 = c*b - 8. Let i be 7/(b/2*-2). Let d(n) = 2*n + 10. Determine d(i).
-4
Let b(v) = 2*v**2 + v - 1. Suppose 6*l + 10 + 2 = 0. Let c(g) = g**2 + 2*g + 2. Let i be c(l). Give b(i).
9
Let v(r) be the second derivative of -1/12*r**4 + 2/3*r**3 + 0 + 14*r + 3*r**2. Give v(5).
1
Let n(a) = a. Let o(h) = 7*h + 1. Let i(w) = 6*n(w) - o(w). Let u(z) = 35*z + 425. Let r be u(-12). What is i(r)?
-6
Let c(r) be the third derivative of -r**5/60 + r**4/8 + r**3/3 + 241*r**2. What is c(9)?
-52
Let k = -162 + 164. Let r(n) = 2*n - 2 - n - 5*n. What is r(k)?
-10
Let l(z) be the first derivative of 2*z**2 - 9*z + 142. Give l(6).
15
Let l(j) = 2*j**2 - 10*j - 1. Let b be (6*140/(-42))/(0 + -4). What is l(b)?
-1
Let f(m) = -6*m - 1. Let p = 41 - 36. Suppose 27 = 2*x - 5*o, 1 + 14 = -p*x - 4*o. Calculate f(x).
-7
Let i be -3*(-5 - -10) + 8. Let v(b) = -b**3 - 7*b**2 + 6. Calculate v(i).
6
Let x(o) = 0*o - 3*o**2 - 4*o + 3*o**2 - 4*o**2 - o**3. Suppose -15*z - 3 = -14*z. Give x(z).
3
Let o(v) = v**2 - 9*v + 9. Suppose 0*j - j - 15 = -5*r, 5*r = -3*j + 35. Suppose 4*a - 2*i = 26, -23 = -4*a - j*i + 10. Give o(a).
-5
Let s(q) = 9*q - 1. Let f = 21 + -31. Let a be 3 - f/25*-5. Determine s(a).
8
Let a(d) = -d - 2. Suppose 2*r = -0*r + 3*r. Let m be a(r). Let n(q) = -q**3 - 3*q**2 + 1. Calculate n(m).
-3
Suppose 9 - 4 = o. Suppose o*u - 32 - 28 = 0. Let v be ((-16)/u)/(4/(-6)). Let x(r) = 4*r - 2. Give x(v).
6
Let k(n) = -14*n**3 + n**2 + 4. Let f(p) = 32*p**3 - 3*p**2 - 9. Let c(a) = 3*f(a) + 7*k(a). Calculate c(-2).
9
Let v(o) be the second derivative of -o**5/20 - 5*o**4/6 - 5*o**3/3 - 4*o**2 + 11*o - 5. Determine v(-9).
1
Suppose -4*n + 10 = -5*l, 1 - 5 = 2*l + 5*n. Let u(h) = -h**3 + h**2 - 1. Let o(b) = 6*b**3 - 3*b**2 + b + 3. Let m(w) = o(w) + 5*u(w). Calculate m(l).
-4
Let r(i) be the first derivative of i**2/2 + 4*i - 588. What is r(4)?
8
Let i be (8/(-6))/4 + 34/3. Suppose 6*b - 35 = i*b. Let v(l) = l + 4. Give v(b).
-3
Let r(t) = 9*t**2 - 8*t - 13. Let f(b) = 5*b**2 - 5*b - 7. Let q(a) = 11*f(a) - 6*r(a). What is q(6)?
-5
Let k(i) = 9 - 4*i - 3770*i**2 - 2 + 3769*i**2. Give k(-5).
2
Let w(r) = 9*r + 8*r - 25*r + 5 + 12*r. Give w(-4).
-11
Let s(o) = 37*o + 19. Let f(v) = v + 1. Let h(l) = -3*f(l) + s(l). Let g(b) = 11*b + 5. Let k(i) = -10*g(i) + 3*h(i). Calculate k(2).
-18
Suppose -s + 4*h - 12 = 0, -4*s + 0 + 24 = 2*h. Let o(p) = -2 + s - 5*p + 4*p. Let w(c) = 2*c**3 + 4*c**2 - 5*c - 1. Let i be w(-3). What is o(i)?
6
Let t(j) = j - 7. Let y(s) = s**2 + s - 2. Suppose 3*i + 2*i = -b + 9, 5*i = 5*b + 15. Let f be (b/(-5))/((-5)/(-25)). Let l be y(f). Determine t(l).
-7
Let l(t) = t**2 + 4*t - 13. Let p(m) = m**2 + 14*m - 533. Let n be p(17). Determine l(n).
-1
Let y(t) = 2 + 4*t + 4 + 4 - 7. Let v be y(-7). Let w = 22 + v. Let h(b) = -b**2 - b + 3. Give h(w).
-3
Suppose p = 5*p. Let b = p + 6. Let f(c) be the first derivative of -c**3/3 + 5*c**2/2 + c - 133. Determine f(b).
-5
Let s = -285 - -288. Let d = -13 + 15. Let p(z) = 1 - 3*z**2 - 2 + 6*z**d - 2*z**3 + 0*z**2 + 3*z. Determine p(s).
-19
Let d(v) = v + 1. Let q = 197 - 106. Let p = 86 - q. Give d(p).
-4
Let n(c) be the first derivative of -21 - c**3 + 4*c + 1/4*c**4 - 1/2*c**2. What is n(4)?
16
Let u be 0*(-3)/3 - -2. Suppose -y - 8 = -5*s, 3*y + 0*y + u*s = 10. Let w(r) be the third derivative of -r**5/30 + r**4/6 - r**3/2 + 18*r**2 - 2. Give w(y).
-3
Suppose 13 = 7*u + 6*u. Let l(j) = -179*j**3 - j**2 + 0 - u + 3*j + 178*j**3. Give l(2).
-7
Let b(y) = -3*y - 6. Let t(f) be the third derivative of -f**6/120 - 2*f**5/15 - f**4/2 - 2*f**3/3 - 5*f**2. Let p be t(-6). Determine b(p).
6
Let r(t) = -2*t**3 - 3*t**2 - t - 6. Let p(z) = 3*z**3 + 2*z**2 + 2*z + 5. Let b(f) = -3*p(f) - 4*r(f). Let q(d) = 5*d**2 - 2 - 4 + 7. Let j be q(1). Give b(j).
-3
Let b(u) = u**3 - 5*u**2 + 6*u. Let n(i) = -i**3 + 5*i**2 - 5*i - 1. Let c(q) = -3*b(q) - 4*n(q). Calculate c(4).
-4
Let x(w) = -2*w**2 - 11*w - 2. Let d = -65 + 57. Give x(d).
-42
Suppose -620*v + 632*v = 96. Let n(k) = k**2 - 13*k + 19. What is n(v)?
-21
Let n(h) = -h + 1. Let c(s) = 3*s - 4. Let g(u) = -c(u) - 5*n(u). Suppose 15 - 35 = -30*m + 10*m. Calculate g(m).
1
Let i(w) = 3*w - 50. Let p(c) = -c + 28. Let v(k) = -3*i(k) - 5*p(k). Calculate v(3).
-2
Let c(f) = -7*f**2 + 15*f - 19. Let s(q) = 4*q**2 - 7*q + 10. Let b(k) = -3*c(k) - 5*s(k). Suppose -g - 20 = -2*x - 2*x, 3*x + g - 22 = 0. Give b(x).
-17
Let o be (380/(-45) + 8)/(2/(-9)). Let b(k) = 5*k - 13. Calculate b(o).
-3
Let h(d) = -21*d - 41. Let m(t) = -17*t - 44. Let z(x) = -5*h(x) + 6*m(x). Determine z(20).
1
Let y(b) = 11*b**2 + 14*b + 3. Let l(c) = 5*c**2 + 7*c + 2. Let j(i) = -7*l(i) + 3*y(i). Give j(-4).
-9
Let p(j) be the first derivative of -7*j**3/3 + j + 44. Give p(1).
-6
Suppose -7 = -9*q + 8*q. Suppose -4*v + q*v = 3. Let h(a) = 2*a**2 - 3*a**2 - 13*a**2 + a - 1. Give h(v).
-14
Let a(u) = 8*u + 12. Let o be a(-5). Let d = -35 - o. Let t(r) = r**2 + 8*r + 8. What is t(d)?
1
Let f be ((-7)/21)/((-22)/858). Let p(w) = -w**3 + 13*w**2 + w - 5. Give p(f).
8
Let h(o) = o**3 - o**2 - 1. Let p(d) be the third derivative of d**6/30 - d**5/15 + d**4/24 - 2*d**3/3 + 6*d**2. Let t(g) = -6*h(g) + p(g). Give t(2).
-4
Let p(u) = u**3 + 7*u**2 + 7*u - 2. Let w = 1546 + -1551. Calculate p(w).
13
Let z(s) = 4*s. Let f be 56/(-10)*(-30)/12. Suppose -5*p + 4 = -q - 4, -2*p + 4*q = -f. Let m be z(p). Let r(k) = 3*k - 6. Calculate r(m).
6
Let w = -8 + 11. Suppose w*j - 2*d = 3*d - 23, j + d = 3. Let s(r) = 84*r**3 - 1 - 50*r**3 - 38*r**3. Give s(j).
3
Let w(f) = 2 + f**2 + 9*f + 1 - 4*f. Let o(p) = -2*p**2 - 8*p - 3. Let s(n) = 3*n**2 + 12*n + 4. Let q(b) = 7*o(b) + 5*s(b). Let k be q(-3). Calculate w(k).
-1
Let v(y) = -y**2 + 7*y - 8.